{"version":"1.0","provider_name":"March\u00e9 Fermier","provider_url":"https:\/\/marche-fermier.com","author_name":"admin2964","author_url":"https:\/\/marche-fermier.com\/index.php\/author\/admin2964\/","title":"S.C.E.A Jardins d'Anjou - March\u00e9 Fermier","type":"rich","width":600,"height":338,"html":"<blockquote class=\"wp-embedded-content\" data-secret=\"EqenLMoyNo\"><a href=\"https:\/\/marche-fermier.com\/index.php\/legumes\/\">S.C.E.A Jardins d&#8217;Anjou<\/a><\/blockquote><iframe sandbox=\"allow-scripts\" security=\"restricted\" src=\"https:\/\/marche-fermier.com\/index.php\/legumes\/embed\/#?secret=EqenLMoyNo\" width=\"600\" height=\"338\" title=\"\u00ab\u00a0S.C.E.A Jardins d&#8217;Anjou\u00a0\u00bb &#8212; March\u00e9 Fermier\" data-secret=\"EqenLMoyNo\" frameborder=\"0\" marginwidth=\"0\" marginheight=\"0\" scrolling=\"no\" class=\"wp-embedded-content\"><\/iframe><script type=\"text\/javascript\">\n\/* <![CDATA[ *\/\n\/*! This file is auto-generated *\/\n!function(d,l){\"use strict\";l.querySelector&&d.addEventListener&&\"undefined\"!=typeof URL&&(d.wp=d.wp||{},d.wp.receiveEmbedMessage||(d.wp.receiveEmbedMessage=function(e){var t=e.data;if((t||t.secret||t.message||t.value)&&!\/[^a-zA-Z0-9]\/.test(t.secret)){for(var s,r,n,a=l.querySelectorAll('iframe[data-secret=\"'+t.secret+'\"]'),o=l.querySelectorAll('blockquote[data-secret=\"'+t.secret+'\"]'),c=new RegExp(\"^https?:$\",\"i\"),i=0;i<o.length;i++)o[i].style.display=\"none\";for(i=0;i<a.length;i++)s=a[i],e.source===s.contentWindow&&(s.removeAttribute(\"style\"),\"height\"===t.message?(1e3<(r=parseInt(t.value,10))?r=1e3:~~r<200&&(r=200),s.height=r):\"link\"===t.message&&(r=new URL(s.getAttribute(\"src\")),n=new URL(t.value),c.test(n.protocol))&&n.host===r.host&&l.activeElement===s&&(d.top.location.href=t.value))}},d.addEventListener(\"message\",d.wp.receiveEmbedMessage,!1),l.addEventListener(\"DOMContentLoaded\",function(){for(var e,t,s=l.querySelectorAll(\"iframe.wp-embedded-content\"),r=0;r<s.length;r++)(t=(e=s[r]).getAttribute(\"data-secret\"))||(t=Math.random().toString(36).substring(2,12),e.src+=\"#?secret=\"+t,e.setAttribute(\"data-secret\",t)),e.contentWindow.postMessage({message:\"ready\",secret:t},\"*\")},!1)))}(window,document);\n\/* ]]> *\/\n<\/script>\n","description":"&nbsp; &nbsp; &nbsp; &nbsp; &nbsp; &nbsp; &nbsp; 06 84 13 89 00 &nbsp; Mara\u00eechers depuis 4 g\u00e9n\u00e9rations, nous sommes install\u00e9s sur une exploitation de 6 ha de terres issues des alluvions de la Loire et de l\u2019Authion. Pour produire toute l\u2019ann\u00e9e, nous sommes \u00e9quip\u00e9s de serres froides pour une surface \u00e9quivalente \u00e0 plus d\u2019un hectare. Deux salari\u00e9s \u00e0 plein temps et des saisonniers travaillent avec nous sur l\u2019exploitation, de la production \u00e0 la vente. Notre production est vendue en totalit\u00e9 en circuit court sur cinq march\u00e9 de ville en plus du March\u00e9 Fermier. Nous privil\u00e9gions les vari\u00e9t\u00e9s de l\u00e9gumes aux qualit\u00e9s gustatives et agronomiques les plus int\u00e9ressantes comme par exemple la tomate Paola, la salade Rougette de Montpellier\u2026 La r\u00e9colte manuelle et le soin apport\u00e9 \u00e0 notre travail, permettent de vous garantir la qualit\u00e9 et la bonne conservation de nos l\u00e9gumes.","thumbnail_url":"https:\/\/marche-fermier.com\/wp-content\/uploads\/2025\/10\/jardins-danjou-200x300.jpg"}

Marché Fermier

S.C.E.A Jardins d'Anjou - Marché Fermier

<blockquote class="wp-embedded-content" data-secret="EqenLMoyNo"><a href="https://marche-fermier.com/index.php/legumes/">S.C.E.A Jardins d&#8217;Anjou</a></blockquote><iframe sandbox="allow-scripts" security="restricted" src="https://marche-fermier.com/index.php/legumes/embed/#?secret=EqenLMoyNo" width="600" height="338" title="« S.C.E.A Jardins d&#8217;Anjou » &#8212; Marché Fermier" data-secret="EqenLMoyNo" frameborder="0" marginwidth="0" marginheight="0" scrolling="no" class="wp-embedded-content"></iframe><script type="text/javascript">
/* <![CDATA[ */
/*! This file is auto-generated */
!function(d,l){"use strict";l.querySelector&&d.addEventListener&&"undefined"!=typeof URL&&(d.wp=d.wp||{},d.wp.receiveEmbedMessage||(d.wp.receiveEmbedMessage=function(e){var t=e.data;if((t||t.secret||t.message||t.value)&&!/[^a-zA-Z0-9]/.test(t.secret)){for(var s,r,n,a=l.querySelectorAll('iframe[data-secret="'+t.secret+'"]'),o=l.querySelectorAll('blockquote[data-secret="'+t.secret+'"]'),c=new RegExp("^https?:$","i"),i=0;i<o.length;i++)o[i].style.display="none";for(i=0;i<a.length;i++)s=a[i],e.source===s.contentWindow&&(s.removeAttribute("style"),"height"===t.message?(1e3<(r=parseInt(t.value,10))?r=1e3:~~r<200&&(r=200),s.height=r):"link"===t.message&&(r=new URL(s.getAttribute("src")),n=new URL(t.value),c.test(n.protocol))&&n.host===r.host&&l.activeElement===s&&(d.top.location.href=t.value))}},d.addEventListener("message",d.wp.receiveEmbedMessage,!1),l.addEventListener("DOMContentLoaded",function(){for(var e,t,s=l.querySelectorAll("iframe.wp-embedded-content"),r=0;r<s.length;r++)(t=(e=s[r]).getAttribute("data-secret"))||(t=Math.random().toString(36).substring(2,12),e.src+="#?secret="+t,e.setAttribute("data-secret",t)),e.contentWindow.postMessage({message:"ready",secret:t},"*")},!1)))}(window,document);
/* ]]> */
</script>

&nbsp; &nbsp; &nbsp; &nbsp; &nbsp; &nbsp; &nbsp; 06 84 13 89 00 &nbsp; Maraîchers depuis 4 générations, nous sommes installés sur une exploitation de 6 ha de terres issues des alluvions de la Loire et de l’Authion. Pour produire toute l’année, nous sommes équipés de serres froides pour une surface équivalente à plus d’un hectare. Deux salariés à plein temps et des saisonniers travaillent avec nous sur l’exploitation, de la production à la vente. Notre production est vendue en totalité en circuit court sur cinq marché de ville en plus du Marché Fermier. Nous privilégions les variétés de légumes aux qualités gustatives et agronomiques les plus intéressantes comme par exemple la tomate Paola, la salade Rougette de Montpellier… La récolte manuelle et le soin apporté à notre travail, permettent de vous garantir la qualité et la bonne conservation de nos légumes.
