{"version":"1.0","provider_name":"March\u00e9 Fermier","provider_url":"https:\/\/marche-fermier.com","author_name":"admin2964","author_url":"https:\/\/marche-fermier.com\/index.php\/author\/admin2964\/","title":"EARL Le Fournil des Buhards - March\u00e9 Fermier","type":"rich","width":600,"height":338,"html":"<blockquote class=\"wp-embedded-content\" data-secret=\"PIKWDNV2ki\"><a href=\"https:\/\/marche-fermier.com\/index.php\/pain-patisserie\/\">EARL Le Fournil des Buhards<\/a><\/blockquote><iframe sandbox=\"allow-scripts\" security=\"restricted\" src=\"https:\/\/marche-fermier.com\/index.php\/pain-patisserie\/embed\/#?secret=PIKWDNV2ki\" width=\"600\" height=\"338\" title=\"\u00ab\u00a0EARL Le Fournil des Buhards\u00a0\u00bb &#8212; March\u00e9 Fermier\" data-secret=\"PIKWDNV2ki\" frameborder=\"0\" marginwidth=\"0\" marginheight=\"0\" scrolling=\"no\" class=\"wp-embedded-content\"><\/iframe><script type=\"text\/javascript\">\n\/* <![CDATA[ *\/\n\/*! This file is auto-generated *\/\n!function(d,l){\"use strict\";l.querySelector&&d.addEventListener&&\"undefined\"!=typeof URL&&(d.wp=d.wp||{},d.wp.receiveEmbedMessage||(d.wp.receiveEmbedMessage=function(e){var t=e.data;if((t||t.secret||t.message||t.value)&&!\/[^a-zA-Z0-9]\/.test(t.secret)){for(var s,r,n,a=l.querySelectorAll('iframe[data-secret=\"'+t.secret+'\"]'),o=l.querySelectorAll('blockquote[data-secret=\"'+t.secret+'\"]'),c=new RegExp(\"^https?:$\",\"i\"),i=0;i<o.length;i++)o[i].style.display=\"none\";for(i=0;i<a.length;i++)s=a[i],e.source===s.contentWindow&&(s.removeAttribute(\"style\"),\"height\"===t.message?(1e3<(r=parseInt(t.value,10))?r=1e3:~~r<200&&(r=200),s.height=r):\"link\"===t.message&&(r=new URL(s.getAttribute(\"src\")),n=new URL(t.value),c.test(n.protocol))&&n.host===r.host&&l.activeElement===s&&(d.top.location.href=t.value))}},d.addEventListener(\"message\",d.wp.receiveEmbedMessage,!1),l.addEventListener(\"DOMContentLoaded\",function(){for(var e,t,s=l.querySelectorAll(\"iframe.wp-embedded-content\"),r=0;r<s.length;r++)(t=(e=s[r]).getAttribute(\"data-secret\"))||(t=Math.random().toString(36).substring(2,12),e.src+=\"#?secret=\"+t,e.setAttribute(\"data-secret\",t)),e.contentWindow.postMessage({message:\"ready\",secret:t},\"*\")},!1)))}(window,document);\n\/* ]]> *\/\n<\/script>\n","description":"T\u00e9l. 07 78 39 38 50 Paysans-boulangers en agriculture biologique, nous fabriquons depuis 2011, \u00e0 partir de nos propres c\u00e9r\u00e9ales, du pain au levain cuit au feu de bois. Nous partageons les 70 hectares de notre exploitation entre la culture du bl\u00e9, seigle, et sarrasin n\u00e9cessaires \u00e0 la boulangerie, et des prairies d\u2019herbe et de luzerne pour assurer l\u2019\u00e9quilibre du sol. Notre bl\u00e9 est constitu\u00e9 en partie de vari\u00e9t\u00e9s anciennes et moulu sur meule de pierre. Nous travaillons ensuite notre pain avec un levain naturel que nous entretenons quotidiennement, et le faisons cuire dans un four \u00e0 bois \u00e0 chauffe directe, chauff\u00e9 principalement au bois de fagots de branches. Savourez sans mod\u00e9ration toute notre gamme, de la baguette multigraines au tourton au chocolat !","thumbnail_url":"http:\/\/marche-fermier.com\/wp-content\/uploads\/2021\/09\/Photo-site-internet-e1632328066981.jpg"}

Marché Fermier

EARL Le Fournil des Buhards - Marché Fermier

<blockquote class="wp-embedded-content" data-secret="PIKWDNV2ki"><a href="https://marche-fermier.com/index.php/pain-patisserie/">EARL Le Fournil des Buhards</a></blockquote><iframe sandbox="allow-scripts" security="restricted" src="https://marche-fermier.com/index.php/pain-patisserie/embed/#?secret=PIKWDNV2ki" width="600" height="338" title="« EARL Le Fournil des Buhards » &#8212; Marché Fermier" data-secret="PIKWDNV2ki" frameborder="0" marginwidth="0" marginheight="0" scrolling="no" class="wp-embedded-content"></iframe><script type="text/javascript">
/* <![CDATA[ */
/*! This file is auto-generated */
!function(d,l){"use strict";l.querySelector&&d.addEventListener&&"undefined"!=typeof URL&&(d.wp=d.wp||{},d.wp.receiveEmbedMessage||(d.wp.receiveEmbedMessage=function(e){var t=e.data;if((t||t.secret||t.message||t.value)&&!/[^a-zA-Z0-9]/.test(t.secret)){for(var s,r,n,a=l.querySelectorAll('iframe[data-secret="'+t.secret+'"]'),o=l.querySelectorAll('blockquote[data-secret="'+t.secret+'"]'),c=new RegExp("^https?:$","i"),i=0;i<o.length;i++)o[i].style.display="none";for(i=0;i<a.length;i++)s=a[i],e.source===s.contentWindow&&(s.removeAttribute("style"),"height"===t.message?(1e3<(r=parseInt(t.value,10))?r=1e3:~~r<200&&(r=200),s.height=r):"link"===t.message&&(r=new URL(s.getAttribute("src")),n=new URL(t.value),c.test(n.protocol))&&n.host===r.host&&l.activeElement===s&&(d.top.location.href=t.value))}},d.addEventListener("message",d.wp.receiveEmbedMessage,!1),l.addEventListener("DOMContentLoaded",function(){for(var e,t,s=l.querySelectorAll("iframe.wp-embedded-content"),r=0;r<s.length;r++)(t=(e=s[r]).getAttribute("data-secret"))||(t=Math.random().toString(36).substring(2,12),e.src+="#?secret="+t,e.setAttribute("data-secret",t)),e.contentWindow.postMessage({message:"ready",secret:t},"*")},!1)))}(window,document);
/* ]]> */
</script>

Tél. 07 78 39 38 50 Paysans-boulangers en agriculture biologique, nous fabriquons depuis 2011, à partir de nos propres céréales, du pain au levain cuit au feu de bois. Nous partageons les 70 hectares de notre exploitation entre la culture du blé, seigle, et sarrasin nécessaires à la boulangerie, et des prairies d’herbe et de luzerne pour assurer l’équilibre du sol. Notre blé est constitué en partie de variétés anciennes et moulu sur meule de pierre. Nous travaillons ensuite notre pain avec un levain naturel que nous entretenons quotidiennement, et le faisons cuire dans un four à bois à chauffe directe, chauffé principalement au bois de fagots de branches. Savourez sans modération toute notre gamme, de la baguette multigraines au tourton au chocolat !
