{"id":123,"date":"2017-07-04T16:33:47","date_gmt":"2017-07-04T14:33:47","guid":{"rendered":"http:\/\/marche-fermier.com\/?page_id=123"},"modified":"2025-10-03T17:47:15","modified_gmt":"2025-10-03T15:47:15","slug":"pain-patisserie","status":"publish","type":"page","link":"https:\/\/marche-fermier.com\/index.php\/pain-patisserie\/","title":{"rendered":"EARL Le Fournil des Buhards"},"content":{"rendered":"<div id=\"pl-123\"  class=\"panel-layout\" ><div id=\"pg-123-0\"  class=\"panel-grid panel-no-style\" ><div id=\"pgc-123-0-0\"  class=\"panel-grid-cell\" ><div id=\"panel-123-0-0-0\" class=\"so-panel widget widget_sow-editor panel-first-child panel-last-child\" data-index=\"0\" ><div class=\"panel-widget-style panel-widget-style-for-123-0-0-0\" ><div\n\t\t\t\n\t\t\tclass=\"so-widget-sow-editor so-widget-sow-editor-base\"\n\t\t\t\n\t\t>\n<div class=\"siteorigin-widget-tinymce textwidget\">\n\t<p style=\"text-align: center;\"><img loading=\"lazy\" decoding=\"async\" class=\"aligncenter size-full wp-image-3135\" src=\"http:\/\/marche-fermier.com\/wp-content\/uploads\/2021\/09\/Photo-site-internet-e1632328066981.jpg\" alt=\"Buhards\" width=\"300\" height=\"223\" \/><span style=\"font-size: 14pt;\">T\u00e9l. 07 78 39 38 50<\/span><\/p>\n<\/div>\n<\/div><\/div><\/div><\/div><div id=\"pgc-123-0-1\"  class=\"panel-grid-cell\" ><div id=\"panel-123-0-1-0\" class=\"so-panel widget widget_sow-image panel-first-child panel-last-child\" data-index=\"1\" ><div class=\"panel-widget-style panel-widget-style-for-123-0-1-0\" ><div\n\t\t\t\n\t\t\tclass=\"so-widget-sow-image so-widget-sow-image-default-8b5b6f678277-123\"\n\t\t\t\n\t\t>\n\n<div class=\"sow-image-container\">\n\t\t<img loading=\"lazy\" decoding=\"async\" src=\"https:\/\/marche-fermier.com\/wp-content\/uploads\/2017\/08\/Poupin.png\" width=\"539\" height=\"425\" srcset=\"https:\/\/marche-fermier.com\/wp-content\/uploads\/2017\/08\/Poupin.png 539w, https:\/\/marche-fermier.com\/wp-content\/uploads\/2017\/08\/Poupin-300x237.png 300w\" sizes=\"(max-width: 539px) 100vw, 539px\" alt=\"Noyant\" \t\tclass=\"so-widget-image\"\/>\n\t<\/div>\n\n<\/div><\/div><\/div><\/div><\/div><div id=\"pg-123-1\"  class=\"panel-grid panel-no-style\" ><div id=\"pgc-123-1-0\"  class=\"panel-grid-cell panel-grid-cell-empty\" ><\/div><div id=\"pgc-123-1-1\"  class=\"panel-grid-cell panel-grid-cell-mobile-last\" ><div id=\"panel-123-1-1-0\" class=\"so-panel widget widget_sow-editor panel-first-child panel-last-child\" data-index=\"2\" ><div class=\"panel-widget-style panel-widget-style-for-123-1-1-0\" ><div\n\t\t\t\n\t\t\tclass=\"so-widget-sow-editor so-widget-sow-editor-base\"\n\t\t\t\n\t\t>\n<div class=\"siteorigin-widget-tinymce textwidget\">\n\t<p style=\"text-align: justify;\"><span style=\"color: #993300; font-size: 18pt;\">Paysans-boulangers en agriculture biologique, nous fabriquons depuis 2011, \u00e0 partir de nos propres c\u00e9r\u00e9ales, du pain au levain cuit au feu de bois. Nous partageons les 70 hectares de notre exploitation entre la culture du bl\u00e9, seigle, et sarrasin n\u00e9cessaires \u00e0 la boulangerie, et des prairies d\u2019herbe et de luzerne pour assurer l\u2019\u00e9quilibre du sol. Notre bl\u00e9 est constitu\u00e9 en partie de vari\u00e9t\u00e9s anciennes et moulu sur meule de pierre. Nous travaillons ensuite notre pain avec un levain naturel que nous entretenons quotidiennement, et le faisons cuire dans un four \u00e0 bois \u00e0 chauffe directe, chauff\u00e9 principalement au bois de fagots de branches. <\/span><\/p>\n<p style=\"text-align: center;\"><span style=\"color: #993300; font-size: 18pt;\">Savourez sans mod\u00e9ration toute notre gamme, de la baguette multigraines au tourton au chocolat !<\/span><\/p>\n<\/div>\n<\/div><\/div><\/div><\/div><div id=\"pgc-123-1-2\"  class=\"panel-grid-cell panel-grid-cell-empty\" ><\/div><\/div><\/div>","protected":false},"excerpt":{"rendered":"<p>T\u00e9l. 07 78 39 38 50 Paysans-boulangers en agriculture biologique, nous fabriquons depuis 2011, \u00e0 partir de nos propres c\u00e9r\u00e9ales, du pain au levain cuit au feu de bois. Nous partageons les 70 hectares de notre exploitation entre la culture du bl\u00e9, seigle, et sarrasin n\u00e9cessaires \u00e0 la boulangerie, et des prairies d\u2019herbe et de luzerne pour assurer l\u2019\u00e9quilibre du sol. Notre bl\u00e9 est constitu\u00e9 en partie de vari\u00e9t\u00e9s anciennes et moulu sur meule de pierre. Nous travaillons ensuite notre pain avec un levain naturel que nous entretenons quotidiennement, et le faisons cuire dans un four \u00e0 bois \u00e0 chauffe directe, chauff\u00e9 principalement au bois de fagots de branches. Savourez sans mod\u00e9ration toute notre gamme, de la baguette multigraines au tourton au chocolat !<\/p>\n","protected":false},"author":1,"featured_media":0,"parent":0,"menu_order":0,"comment_status":"closed","ping_status":"closed","template":"","meta":{"footnotes":""},"class_list":["post-123","page","type-page","status-publish","hentry"],"_links":{"self":[{"href":"https:\/\/marche-fermier.com\/index.php\/wp-json\/wp\/v2\/pages\/123"}],"collection":[{"href":"https:\/\/marche-fermier.com\/index.php\/wp-json\/wp\/v2\/pages"}],"about":[{"href":"https:\/\/marche-fermier.com\/index.php\/wp-json\/wp\/v2\/types\/page"}],"author":[{"embeddable":true,"href":"https:\/\/marche-fermier.com\/index.php\/wp-json\/wp\/v2\/users\/1"}],"replies":[{"embeddable":true,"href":"https:\/\/marche-fermier.com\/index.php\/wp-json\/wp\/v2\/comments?post=123"}],"version-history":[{"count":18,"href":"https:\/\/marche-fermier.com\/index.php\/wp-json\/wp\/v2\/pages\/123\/revisions"}],"predecessor-version":[{"id":4050,"href":"https:\/\/marche-fermier.com\/index.php\/wp-json\/wp\/v2\/pages\/123\/revisions\/4050"}],"wp:attachment":[{"href":"https:\/\/marche-fermier.com\/index.php\/wp-json\/wp\/v2\/media?parent=123"}],"curies":[{"name":"wp","href":"https:\/\/api.w.org\/{rel}","templated":true}]}}

<div id="pl-123"  class="panel-layout" ><div id="pg-123-0"  class="panel-grid panel-no-style" ><div id="pgc-123-0-0"  class="panel-grid-cell" ><div id="panel-123-0-0-0" class="so-panel widget widget_sow-editor panel-first-child panel-last-child" data-index="0" ><div class="panel-widget-style panel-widget-style-for-123-0-0-0" ><div
			
			class="so-widget-sow-editor so-widget-sow-editor-base"
			
		>
<div class="siteorigin-widget-tinymce textwidget">
	<p style="text-align: center;"><img loading="lazy" decoding="async" class="aligncenter size-full wp-image-3135" src="http://marche-fermier.com/wp-content/uploads/2021/09/Photo-site-internet-e1632328066981.jpg" alt="Buhards" width="300" height="223" /><span style="font-size: 14pt;">Tél. 07 78 39 38 50</span></p>
</div>
</div></div></div></div><div id="pgc-123-0-1"  class="panel-grid-cell" ><div id="panel-123-0-1-0" class="so-panel widget widget_sow-image panel-first-child panel-last-child" data-index="1" ><div class="panel-widget-style panel-widget-style-for-123-0-1-0" ><div
			
			class="so-widget-sow-image so-widget-sow-image-default-8b5b6f678277-123"
			
		>

<div class="sow-image-container">
		<img loading="lazy" decoding="async" src="https://marche-fermier.com/wp-content/uploads/2017/08/Poupin.png" width="539" height="425" srcset="https://marche-fermier.com/wp-content/uploads/2017/08/Poupin.png 539w, https://marche-fermier.com/wp-content/uploads/2017/08/Poupin-300x237.png 300w" sizes="(max-width: 539px) 100vw, 539px" alt="Noyant" 		class="so-widget-image"/>
	</div>

</div></div></div></div></div><div id="pg-123-1"  class="panel-grid panel-no-style" ><div id="pgc-123-1-0"  class="panel-grid-cell panel-grid-cell-empty" ></div><div id="pgc-123-1-1"  class="panel-grid-cell panel-grid-cell-mobile-last" ><div id="panel-123-1-1-0" class="so-panel widget widget_sow-editor panel-first-child panel-last-child" data-index="2" ><div class="panel-widget-style panel-widget-style-for-123-1-1-0" ><div
			
			class="so-widget-sow-editor so-widget-sow-editor-base"
			
		>
<div class="siteorigin-widget-tinymce textwidget">
	<p style="text-align: justify;"><span style="color: #993300; font-size: 18pt;">Paysans-boulangers en agriculture biologique, nous fabriquons depuis 2011, à partir de nos propres céréales, du pain au levain cuit au feu de bois. Nous partageons les 70 hectares de notre exploitation entre la culture du blé, seigle, et sarrasin nécessaires à la boulangerie, et des prairies d’herbe et de luzerne pour assurer l’équilibre du sol. Notre blé est constitué en partie de variétés anciennes et moulu sur meule de pierre. Nous travaillons ensuite notre pain avec un levain naturel que nous entretenons quotidiennement, et le faisons cuire dans un four à bois à chauffe directe, chauffé principalement au bois de fagots de branches. </span></p>
<p style="text-align: center;"><span style="color: #993300; font-size: 18pt;">Savourez sans modération toute notre gamme, de la baguette multigraines au tourton au chocolat !</span></p>
</div>
</div></div></div></div><div id="pgc-123-1-2"  class="panel-grid-cell panel-grid-cell-empty" ></div></div></div>

<p>Tél. 07 78 39 38 50 Paysans-boulangers en agriculture biologique, nous fabriquons depuis 2011, à partir de nos propres céréales, du pain au levain cuit au feu de bois. Nous partageons les 70 hectares de notre exploitation entre la culture du blé, seigle, et sarrasin nécessaires à la boulangerie, et des prairies d’herbe et de luzerne pour assurer l’équilibre du sol. Notre blé est constitué en partie de variétés anciennes et moulu sur meule de pierre. Nous travaillons ensuite notre pain avec un levain naturel que nous entretenons quotidiennement, et le faisons cuire dans un four à bois à chauffe directe, chauffé principalement au bois de fagots de branches. Savourez sans modération toute notre gamme, de la baguette multigraines au tourton au chocolat !</p>
