{"id":141,"date":"2017-07-04T16:35:32","date_gmt":"2017-07-04T14:35:32","guid":{"rendered":"http:\/\/marche-fermier.com\/?page_id=141"},"modified":"2025-10-03T17:53:49","modified_gmt":"2025-10-03T15:53:49","slug":"legumes","status":"publish","type":"page","link":"https:\/\/marche-fermier.com\/index.php\/legumes\/","title":{"rendered":"S.C.E.A Jardins d&#8217;Anjou"},"content":{"rendered":"<div id=\"pl-141\"  class=\"panel-layout\" ><div id=\"pg-141-0\"  class=\"panel-grid panel-no-style\" ><div id=\"pgc-141-0-0\"  class=\"panel-grid-cell\" ><div id=\"panel-141-0-0-0\" class=\"so-panel widget widget_sow-editor panel-first-child panel-last-child\" data-index=\"0\" ><div class=\"panel-widget-style panel-widget-style-for-141-0-0-0\" ><div\n\t\t\t\n\t\t\tclass=\"so-widget-sow-editor so-widget-sow-editor-base\"\n\t\t\t\n\t\t>\n<div class=\"siteorigin-widget-tinymce textwidget\">\n\t<p><img loading=\"lazy\" decoding=\"async\" class=\"wp-image-4027 alignleft\" src=\"https:\/\/marche-fermier.com\/wp-content\/uploads\/2025\/10\/jardins-danjou-200x300.jpg\" alt=\"\" width=\"200\" height=\"300\" srcset=\"https:\/\/marche-fermier.com\/wp-content\/uploads\/2025\/10\/jardins-danjou-200x300.jpg 200w, https:\/\/marche-fermier.com\/wp-content\/uploads\/2025\/10\/jardins-danjou-683x1024.jpg 683w, https:\/\/marche-fermier.com\/wp-content\/uploads\/2025\/10\/jardins-danjou-768x1152.jpg 768w, https:\/\/marche-fermier.com\/wp-content\/uploads\/2025\/10\/jardins-danjou-1024x1536.jpg 1024w, https:\/\/marche-fermier.com\/wp-content\/uploads\/2025\/10\/jardins-danjou-1365x2048.jpg 1365w, https:\/\/marche-fermier.com\/wp-content\/uploads\/2025\/10\/jardins-danjou-1140x1710.jpg 1140w, https:\/\/marche-fermier.com\/wp-content\/uploads\/2025\/10\/jardins-danjou-scaled.jpg 1707w\" sizes=\"(max-width: 200px) 100vw, 200px\" \/><\/p>\n<p>&nbsp;<\/p>\n<p>&nbsp;<\/p>\n<p>&nbsp;<\/p>\n<p>&nbsp;<\/p>\n<p>&nbsp;<\/p>\n<p>&nbsp;<\/p>\n<p>&nbsp;<\/p>\n<p><strong>06 84 13 89 00<\/strong><\/p>\n<p>&nbsp;<\/p>\n<\/div>\n<\/div><\/div><\/div><\/div><div id=\"pgc-141-0-1\"  class=\"panel-grid-cell\" ><div id=\"panel-141-0-1-0\" class=\"so-panel widget widget_sow-image panel-first-child panel-last-child\" data-index=\"1\" ><div class=\"panel-widget-style panel-widget-style-for-141-0-1-0\" ><div\n\t\t\t\n\t\t\tclass=\"so-widget-sow-image so-widget-sow-image-default-8b5b6f678277-141\"\n\t\t\t\n\t\t>\n\n<div class=\"sow-image-container\">\n\t\t<img loading=\"lazy\" decoding=\"async\" src=\"https:\/\/marche-fermier.com\/wp-content\/uploads\/2017\/08\/Viemont.png\" width=\"539\" height=\"425\" srcset=\"https:\/\/marche-fermier.com\/wp-content\/uploads\/2017\/08\/Viemont.png 539w, https:\/\/marche-fermier.com\/wp-content\/uploads\/2017\/08\/Viemont-300x237.png 300w\" sizes=\"(max-width: 539px) 100vw, 539px\" alt=\"Noyant\" \t\tclass=\"so-widget-image\"\/>\n\t<\/div>\n\n<\/div><\/div><\/div><\/div><\/div><div id=\"pg-141-1\"  class=\"panel-grid panel-no-style\" ><div id=\"pgc-141-1-0\"  class=\"panel-grid-cell panel-grid-cell-empty\" ><\/div><div id=\"pgc-141-1-1\"  class=\"panel-grid-cell panel-grid-cell-mobile-last\" ><div id=\"panel-141-1-1-0\" class=\"so-panel widget widget_sow-editor panel-first-child panel-last-child\" data-index=\"2\" ><div class=\"panel-widget-style panel-widget-style-for-141-1-1-0\" ><div\n\t\t\t\n\t\t\tclass=\"so-widget-sow-editor so-widget-sow-editor-base\"\n\t\t\t\n\t\t>\n<div class=\"siteorigin-widget-tinymce textwidget\">\n\t<p><span style=\"color: #993300; font-size: 18pt;\">Mara\u00eechers depuis 4 g\u00e9n\u00e9rations, nous sommes install\u00e9s sur une exploitation de 6 ha de terres issues des alluvions de la Loire et de l\u2019Authion. Pour produire toute l\u2019ann\u00e9e, nous sommes \u00e9quip\u00e9s de serres froides pour une surface \u00e9quivalente \u00e0 plus d\u2019un hectare. Deux salari\u00e9s \u00e0 plein temps et des saisonniers travaillent avec nous sur l\u2019exploitation, de la production \u00e0 la vente. Notre production est vendue en totalit\u00e9 en circuit court sur cinq march\u00e9 de ville en plus du March\u00e9 Fermier. Nous privil\u00e9gions les vari\u00e9t\u00e9s de l\u00e9gumes aux qualit\u00e9s gustatives et agronomiques les plus int\u00e9ressantes comme par exemple la tomate Paola, la salade Rougette de Montpellier\u2026 La r\u00e9colte manuelle et le soin apport\u00e9 \u00e0 notre travail, permettent de vous garantir la qualit\u00e9 et la bonne conservation de nos l\u00e9gumes. <\/span><\/p>\n<\/div>\n<\/div><\/div><\/div><\/div><div id=\"pgc-141-1-2\"  class=\"panel-grid-cell panel-grid-cell-empty\" ><\/div><\/div><\/div>","protected":false},"excerpt":{"rendered":"<p>&nbsp; &nbsp; &nbsp; &nbsp; &nbsp; &nbsp; &nbsp; 06 84 13 89 00 &nbsp; Mara\u00eechers depuis 4 g\u00e9n\u00e9rations, nous sommes install\u00e9s sur une exploitation de 6 ha de terres issues des alluvions de la Loire et de l\u2019Authion. Pour produire toute l\u2019ann\u00e9e, nous sommes \u00e9quip\u00e9s de serres froides pour une surface \u00e9quivalente \u00e0 plus d\u2019un hectare. Deux salari\u00e9s \u00e0 plein temps et des saisonniers travaillent avec nous sur l\u2019exploitation, de la production \u00e0 la vente. Notre production est vendue en totalit\u00e9 en circuit court sur cinq march\u00e9 de ville en plus du March\u00e9 Fermier. Nous privil\u00e9gions les vari\u00e9t\u00e9s de l\u00e9gumes aux qualit\u00e9s gustatives et agronomiques les plus int\u00e9ressantes comme par exemple la tomate Paola, la salade Rougette de Montpellier\u2026 La r\u00e9colte manuelle et le soin apport\u00e9 \u00e0 notre travail, permettent de vous garantir la qualit\u00e9 et la bonne conservation de nos l\u00e9gumes.<\/p>\n","protected":false},"author":1,"featured_media":0,"parent":0,"menu_order":0,"comment_status":"closed","ping_status":"closed","template":"","meta":{"footnotes":""},"class_list":["post-141","page","type-page","status-publish","hentry"],"_links":{"self":[{"href":"https:\/\/marche-fermier.com\/index.php\/wp-json\/wp\/v2\/pages\/141"}],"collection":[{"href":"https:\/\/marche-fermier.com\/index.php\/wp-json\/wp\/v2\/pages"}],"about":[{"href":"https:\/\/marche-fermier.com\/index.php\/wp-json\/wp\/v2\/types\/page"}],"author":[{"embeddable":true,"href":"https:\/\/marche-fermier.com\/index.php\/wp-json\/wp\/v2\/users\/1"}],"replies":[{"embeddable":true,"href":"https:\/\/marche-fermier.com\/index.php\/wp-json\/wp\/v2\/comments?post=141"}],"version-history":[{"count":21,"href":"https:\/\/marche-fermier.com\/index.php\/wp-json\/wp\/v2\/pages\/141\/revisions"}],"predecessor-version":[{"id":4066,"href":"https:\/\/marche-fermier.com\/index.php\/wp-json\/wp\/v2\/pages\/141\/revisions\/4066"}],"wp:attachment":[{"href":"https:\/\/marche-fermier.com\/index.php\/wp-json\/wp\/v2\/media?parent=141"}],"curies":[{"name":"wp","href":"https:\/\/api.w.org\/{rel}","templated":true}]}}

<div id="pl-141"  class="panel-layout" ><div id="pg-141-0"  class="panel-grid panel-no-style" ><div id="pgc-141-0-0"  class="panel-grid-cell" ><div id="panel-141-0-0-0" class="so-panel widget widget_sow-editor panel-first-child panel-last-child" data-index="0" ><div class="panel-widget-style panel-widget-style-for-141-0-0-0" ><div
			
			class="so-widget-sow-editor so-widget-sow-editor-base"
			
		>
<div class="siteorigin-widget-tinymce textwidget">
	<p><img loading="lazy" decoding="async" class="wp-image-4027 alignleft" src="https://marche-fermier.com/wp-content/uploads/2025/10/jardins-danjou-200x300.jpg" alt="" width="200" height="300" srcset="https://marche-fermier.com/wp-content/uploads/2025/10/jardins-danjou-200x300.jpg 200w, https://marche-fermier.com/wp-content/uploads/2025/10/jardins-danjou-683x1024.jpg 683w, https://marche-fermier.com/wp-content/uploads/2025/10/jardins-danjou-768x1152.jpg 768w, https://marche-fermier.com/wp-content/uploads/2025/10/jardins-danjou-1024x1536.jpg 1024w, https://marche-fermier.com/wp-content/uploads/2025/10/jardins-danjou-1365x2048.jpg 1365w, https://marche-fermier.com/wp-content/uploads/2025/10/jardins-danjou-1140x1710.jpg 1140w, https://marche-fermier.com/wp-content/uploads/2025/10/jardins-danjou-scaled.jpg 1707w" sizes="(max-width: 200px) 100vw, 200px" /></p>
<p>&nbsp;</p>
<p>&nbsp;</p>
<p>&nbsp;</p>
<p>&nbsp;</p>
<p>&nbsp;</p>
<p>&nbsp;</p>
<p>&nbsp;</p>
<p><strong>06 84 13 89 00</strong></p>
<p>&nbsp;</p>
</div>
</div></div></div></div><div id="pgc-141-0-1"  class="panel-grid-cell" ><div id="panel-141-0-1-0" class="so-panel widget widget_sow-image panel-first-child panel-last-child" data-index="1" ><div class="panel-widget-style panel-widget-style-for-141-0-1-0" ><div
			
			class="so-widget-sow-image so-widget-sow-image-default-8b5b6f678277-141"
			
		>

<div class="sow-image-container">
		<img loading="lazy" decoding="async" src="https://marche-fermier.com/wp-content/uploads/2017/08/Viemont.png" width="539" height="425" srcset="https://marche-fermier.com/wp-content/uploads/2017/08/Viemont.png 539w, https://marche-fermier.com/wp-content/uploads/2017/08/Viemont-300x237.png 300w" sizes="(max-width: 539px) 100vw, 539px" alt="Noyant" 		class="so-widget-image"/>
	</div>

</div></div></div></div></div><div id="pg-141-1"  class="panel-grid panel-no-style" ><div id="pgc-141-1-0"  class="panel-grid-cell panel-grid-cell-empty" ></div><div id="pgc-141-1-1"  class="panel-grid-cell panel-grid-cell-mobile-last" ><div id="panel-141-1-1-0" class="so-panel widget widget_sow-editor panel-first-child panel-last-child" data-index="2" ><div class="panel-widget-style panel-widget-style-for-141-1-1-0" ><div
			
			class="so-widget-sow-editor so-widget-sow-editor-base"
			
		>
<div class="siteorigin-widget-tinymce textwidget">
	<p><span style="color: #993300; font-size: 18pt;">Maraîchers depuis 4 générations, nous sommes installés sur une exploitation de 6 ha de terres issues des alluvions de la Loire et de l’Authion. Pour produire toute l’année, nous sommes équipés de serres froides pour une surface équivalente à plus d’un hectare. Deux salariés à plein temps et des saisonniers travaillent avec nous sur l’exploitation, de la production à la vente. Notre production est vendue en totalité en circuit court sur cinq marché de ville en plus du Marché Fermier. Nous privilégions les variétés de légumes aux qualités gustatives et agronomiques les plus intéressantes comme par exemple la tomate Paola, la salade Rougette de Montpellier… La récolte manuelle et le soin apporté à notre travail, permettent de vous garantir la qualité et la bonne conservation de nos légumes. </span></p>
</div>
</div></div></div></div><div id="pgc-141-1-2"  class="panel-grid-cell panel-grid-cell-empty" ></div></div></div>

<p>&nbsp; &nbsp; &nbsp; &nbsp; &nbsp; &nbsp; &nbsp; 06 84 13 89 00 &nbsp; Maraîchers depuis 4 générations, nous sommes installés sur une exploitation de 6 ha de terres issues des alluvions de la Loire et de l’Authion. Pour produire toute l’année, nous sommes équipés de serres froides pour une surface équivalente à plus d’un hectare. Deux salariés à plein temps et des saisonniers travaillent avec nous sur l’exploitation, de la production à la vente. Notre production est vendue en totalité en circuit court sur cinq marché de ville en plus du Marché Fermier. Nous privilégions les variétés de légumes aux qualités gustatives et agronomiques les plus intéressantes comme par exemple la tomate Paola, la salade Rougette de Montpellier… La récolte manuelle et le soin apporté à notre travail, permettent de vous garantir la qualité et la bonne conservation de nos légumes.</p>
