{"id":1519,"date":"2017-07-26T12:26:13","date_gmt":"2017-07-26T10:26:13","guid":{"rendered":"http:\/\/marche-fermier.com\/?page_id=1519"},"modified":"2025-10-03T17:51:54","modified_gmt":"2025-10-03T15:51:54","slug":"karine-dominique-fouchard","status":"publish","type":"page","link":"https:\/\/marche-fermier.com\/index.php\/karine-dominique-fouchard\/","title":{"rendered":"Karine et Dominique FOUCHARD"},"content":{"rendered":"<div id=\"pl-1519\"  class=\"panel-layout\" ><div id=\"pg-1519-0\"  class=\"panel-grid panel-no-style\" ><div id=\"pgc-1519-0-0\"  class=\"panel-grid-cell\" ><div id=\"panel-1519-0-0-0\" class=\"so-panel widget widget_sow-editor panel-first-child panel-last-child\" data-index=\"0\" ><div class=\"panel-widget-style panel-widget-style-for-1519-0-0-0\" ><div\n\t\t\t\n\t\t\tclass=\"so-widget-sow-editor so-widget-sow-editor-base\"\n\t\t\t\n\t\t>\n<div class=\"siteorigin-widget-tinymce textwidget\">\n\t<p><img loading=\"lazy\" decoding=\"async\" class=\"size-medium wp-image-1315 aligncenter\" src=\"http:\/\/marche-fermier.com\/wp-content\/uploads\/2017\/07\/Fouchard--300x223.jpg\" alt=\"\" width=\"300\" height=\"223\" srcset=\"https:\/\/marche-fermier.com\/wp-content\/uploads\/2017\/07\/Fouchard--300x223.jpg 300w, https:\/\/marche-fermier.com\/wp-content\/uploads\/2017\/07\/Fouchard-.jpg 500w\" sizes=\"(max-width: 300px) 100vw, 300px\" \/><\/p>\n<p style=\"text-align: center;\"><span style=\"font-size: 14pt;\">T\u00e9l. 02 41 42 08 55<\/span><\/p>\n<p style=\"text-align: center;\"><a href=\"https:\/\/lespigeonneauxdust.wixsite.com\/website\" target=\"_blank\" rel=\"noopener\"><span style=\"font-size: 14pt;\">https:\/\/lespigeonneauxdust.wixsite.com\/website\/<\/span><\/a><\/p>\n<\/div>\n<\/div><\/div><\/div><\/div><div id=\"pgc-1519-0-1\"  class=\"panel-grid-cell\" ><div id=\"panel-1519-0-1-0\" class=\"so-panel widget widget_sow-image panel-first-child panel-last-child\" data-index=\"1\" ><div class=\"panel-widget-style panel-widget-style-for-1519-0-1-0\" ><div\n\t\t\t\n\t\t\tclass=\"so-widget-sow-image so-widget-sow-image-default-8b5b6f678277-1519\"\n\t\t\t\n\t\t>\n\n<div class=\"sow-image-container\">\n\t\t<img loading=\"lazy\" decoding=\"async\" src=\"https:\/\/marche-fermier.com\/wp-content\/uploads\/2017\/08\/Fouchard.png\" width=\"539\" height=\"425\" srcset=\"https:\/\/marche-fermier.com\/wp-content\/uploads\/2017\/08\/Fouchard.png 539w, https:\/\/marche-fermier.com\/wp-content\/uploads\/2017\/08\/Fouchard-300x237.png 300w\" sizes=\"(max-width: 539px) 100vw, 539px\" alt=\"Noyant\" \t\tclass=\"so-widget-image\"\/>\n\t<\/div>\n\n<\/div><\/div><\/div><\/div><\/div><div id=\"pg-1519-1\"  class=\"panel-grid panel-no-style\" ><div id=\"pgc-1519-1-0\"  class=\"panel-grid-cell panel-grid-cell-empty\" ><\/div><div id=\"pgc-1519-1-1\"  class=\"panel-grid-cell panel-grid-cell-mobile-last\" ><div id=\"panel-1519-1-1-0\" class=\"so-panel widget widget_sow-editor panel-first-child panel-last-child\" data-index=\"2\" ><div class=\"panel-widget-style panel-widget-style-for-1519-1-1-0\" ><div\n\t\t\t\n\t\t\tclass=\"so-widget-sow-editor so-widget-sow-editor-base\"\n\t\t\t\n\t\t>\n<div class=\"siteorigin-widget-tinymce textwidget\">\n\t<p><span style=\"color: #993300; font-size: 18pt;\">Notre exploitation, au c\u0153ur de Champign\u00e9, est sp\u00e9cialis\u00e9e dans la production de pigeons de chair avec ses 2700 couples de reproducteurs. <br \/>De l\u2019\u0153uf \u00e0 l\u2019assiette : tous les pigeonneaux commercialis\u00e9s naissent sur l\u2019\u00e9levage et sont aliment\u00e9s par leurs parents, au ma\u00efs compl\u00e9t\u00e9 de <br \/>bl\u00e9 et de tourteaux. Ils sont abattus dans notre tuerie \u00e0 l\u2019\u00e2ge de 28 \u00e0 35 jours, et transform\u00e9s sur place dans notre laboratoire en pigeonneaux <br \/>pr\u00eats \u00e0 cuire, crapaudines, brochettes, cuisses, ailes et rillettes. Nous pr\u00e9parons aussi des terrines et du saut\u00e9 de pigeon \u00e0 l\u2019Anjou Rouge que nous mettons en conserves dans un autre atelier agr\u00e9\u00e9. Karine et Dominique vous retrouvent toute l\u2019ann\u00e9e sur l\u2019exploitation, au March\u00e9 d\u2019Angers et sur leurs autres points de vente, pour vous proposer ces diff\u00e9rents produits, ainsi que du pigeon de 3-4 ans.<\/span><\/p>\n<\/div>\n<\/div><\/div><\/div><\/div><div id=\"pgc-1519-1-2\"  class=\"panel-grid-cell panel-grid-cell-empty\" ><\/div><\/div><\/div>","protected":false},"excerpt":{"rendered":"<p>T\u00e9l. 02 41 42 08 55 https:\/\/lespigeonneauxdust.wixsite.com\/website\/ Notre exploitation, au c\u0153ur de Champign\u00e9, est sp\u00e9cialis\u00e9e dans la production de pigeons de chair avec ses 2700 couples de reproducteurs. De l\u2019\u0153uf \u00e0 l\u2019assiette : tous les pigeonneaux commercialis\u00e9s naissent sur l\u2019\u00e9levage et sont aliment\u00e9s par leurs parents, au ma\u00efs compl\u00e9t\u00e9 de bl\u00e9 et de tourteaux. Ils sont abattus dans notre tuerie \u00e0 l\u2019\u00e2ge de 28 \u00e0 35 jours, et transform\u00e9s sur place dans notre laboratoire en pigeonneaux pr\u00eats \u00e0 cuire, crapaudines, brochettes, cuisses, ailes et rillettes. Nous pr\u00e9parons aussi des terrines et du saut\u00e9 de pigeon \u00e0 l\u2019Anjou Rouge que nous mettons en conserves dans un autre atelier agr\u00e9\u00e9. Karine et Dominique vous retrouvent toute l\u2019ann\u00e9e sur l\u2019exploitation, au March\u00e9 d\u2019Angers et sur leurs autres points de vente, pour vous proposer ces diff\u00e9rents produits, ainsi que du pigeon de 3-4 ans.<\/p>\n","protected":false},"author":1,"featured_media":0,"parent":0,"menu_order":0,"comment_status":"closed","ping_status":"closed","template":"","meta":{"footnotes":""},"class_list":["post-1519","page","type-page","status-publish","hentry"],"_links":{"self":[{"href":"https:\/\/marche-fermier.com\/index.php\/wp-json\/wp\/v2\/pages\/1519"}],"collection":[{"href":"https:\/\/marche-fermier.com\/index.php\/wp-json\/wp\/v2\/pages"}],"about":[{"href":"https:\/\/marche-fermier.com\/index.php\/wp-json\/wp\/v2\/types\/page"}],"author":[{"embeddable":true,"href":"https:\/\/marche-fermier.com\/index.php\/wp-json\/wp\/v2\/users\/1"}],"replies":[{"embeddable":true,"href":"https:\/\/marche-fermier.com\/index.php\/wp-json\/wp\/v2\/comments?post=1519"}],"version-history":[{"count":18,"href":"https:\/\/marche-fermier.com\/index.php\/wp-json\/wp\/v2\/pages\/1519\/revisions"}],"predecessor-version":[{"id":4061,"href":"https:\/\/marche-fermier.com\/index.php\/wp-json\/wp\/v2\/pages\/1519\/revisions\/4061"}],"wp:attachment":[{"href":"https:\/\/marche-fermier.com\/index.php\/wp-json\/wp\/v2\/media?parent=1519"}],"curies":[{"name":"wp","href":"https:\/\/api.w.org\/{rel}","templated":true}]}}

<div id="pl-1519"  class="panel-layout" ><div id="pg-1519-0"  class="panel-grid panel-no-style" ><div id="pgc-1519-0-0"  class="panel-grid-cell" ><div id="panel-1519-0-0-0" class="so-panel widget widget_sow-editor panel-first-child panel-last-child" data-index="0" ><div class="panel-widget-style panel-widget-style-for-1519-0-0-0" ><div
			
			class="so-widget-sow-editor so-widget-sow-editor-base"
			
		>
<div class="siteorigin-widget-tinymce textwidget">
	<p><img loading="lazy" decoding="async" class="size-medium wp-image-1315 aligncenter" src="http://marche-fermier.com/wp-content/uploads/2017/07/Fouchard--300x223.jpg" alt="" width="300" height="223" srcset="https://marche-fermier.com/wp-content/uploads/2017/07/Fouchard--300x223.jpg 300w, https://marche-fermier.com/wp-content/uploads/2017/07/Fouchard-.jpg 500w" sizes="(max-width: 300px) 100vw, 300px" /></p>
<p style="text-align: center;"><span style="font-size: 14pt;">Tél. 02 41 42 08 55</span></p>
<p style="text-align: center;"><a href="https://lespigeonneauxdust.wixsite.com/website" target="_blank" rel="noopener"><span style="font-size: 14pt;">https://lespigeonneauxdust.wixsite.com/website/</span></a></p>
</div>
</div></div></div></div><div id="pgc-1519-0-1"  class="panel-grid-cell" ><div id="panel-1519-0-1-0" class="so-panel widget widget_sow-image panel-first-child panel-last-child" data-index="1" ><div class="panel-widget-style panel-widget-style-for-1519-0-1-0" ><div
			
			class="so-widget-sow-image so-widget-sow-image-default-8b5b6f678277-1519"
			
		>

<div class="sow-image-container">
		<img loading="lazy" decoding="async" src="https://marche-fermier.com/wp-content/uploads/2017/08/Fouchard.png" width="539" height="425" srcset="https://marche-fermier.com/wp-content/uploads/2017/08/Fouchard.png 539w, https://marche-fermier.com/wp-content/uploads/2017/08/Fouchard-300x237.png 300w" sizes="(max-width: 539px) 100vw, 539px" alt="Noyant" 		class="so-widget-image"/>
	</div>

</div></div></div></div></div><div id="pg-1519-1"  class="panel-grid panel-no-style" ><div id="pgc-1519-1-0"  class="panel-grid-cell panel-grid-cell-empty" ></div><div id="pgc-1519-1-1"  class="panel-grid-cell panel-grid-cell-mobile-last" ><div id="panel-1519-1-1-0" class="so-panel widget widget_sow-editor panel-first-child panel-last-child" data-index="2" ><div class="panel-widget-style panel-widget-style-for-1519-1-1-0" ><div
			
			class="so-widget-sow-editor so-widget-sow-editor-base"
			
		>
<div class="siteorigin-widget-tinymce textwidget">
	<p><span style="color: #993300; font-size: 18pt;">Notre exploitation, au cœur de Champigné, est spécialisée dans la production de pigeons de chair avec ses 2700 couples de reproducteurs. <br />De l’œuf à l’assiette : tous les pigeonneaux commercialisés naissent sur l’élevage et sont alimentés par leurs parents, au maïs complété de <br />blé et de tourteaux. Ils sont abattus dans notre tuerie à l’âge de 28 à 35 jours, et transformés sur place dans notre laboratoire en pigeonneaux <br />prêts à cuire, crapaudines, brochettes, cuisses, ailes et rillettes. Nous préparons aussi des terrines et du sauté de pigeon à l’Anjou Rouge que nous mettons en conserves dans un autre atelier agréé. Karine et Dominique vous retrouvent toute l’année sur l’exploitation, au Marché d’Angers et sur leurs autres points de vente, pour vous proposer ces différents produits, ainsi que du pigeon de 3-4 ans.</span></p>
</div>
</div></div></div></div><div id="pgc-1519-1-2"  class="panel-grid-cell panel-grid-cell-empty" ></div></div></div>

<p>Tél. 02 41 42 08 55 https://lespigeonneauxdust.wixsite.com/website/ Notre exploitation, au cœur de Champigné, est spécialisée dans la production de pigeons de chair avec ses 2700 couples de reproducteurs. De l’œuf à l’assiette : tous les pigeonneaux commercialisés naissent sur l’élevage et sont alimentés par leurs parents, au maïs complété de blé et de tourteaux. Ils sont abattus dans notre tuerie à l’âge de 28 à 35 jours, et transformés sur place dans notre laboratoire en pigeonneaux prêts à cuire, crapaudines, brochettes, cuisses, ailes et rillettes. Nous préparons aussi des terrines et du sauté de pigeon à l’Anjou Rouge que nous mettons en conserves dans un autre atelier agréé. Karine et Dominique vous retrouvent toute l’année sur l’exploitation, au Marché d’Angers et sur leurs autres points de vente, pour vous proposer ces différents produits, ainsi que du pigeon de 3-4 ans.</p>
