{"id":1680,"date":"2017-07-26T16:12:52","date_gmt":"2017-07-26T14:12:52","guid":{"rendered":"http:\/\/marche-fermier.com\/?page_id=1680"},"modified":"2025-10-03T17:55:46","modified_gmt":"2025-10-03T15:55:46","slug":"thomaslecomte","status":"publish","type":"page","link":"https:\/\/marche-fermier.com\/index.php\/thomaslecomte\/","title":{"rendered":"Thomas LECOMTE"},"content":{"rendered":"<div id=\"pl-1680\"  class=\"panel-layout\" ><div id=\"pg-1680-0\"  class=\"panel-grid panel-no-style\" ><div id=\"pgc-1680-0-0\"  class=\"panel-grid-cell\" ><div id=\"panel-1680-0-0-0\" class=\"so-panel widget widget_sow-editor panel-first-child panel-last-child\" data-index=\"0\" ><div class=\"panel-widget-style panel-widget-style-for-1680-0-0-0\" ><div\n\t\t\t\n\t\t\tclass=\"so-widget-sow-editor so-widget-sow-editor-base\"\n\t\t\t\n\t\t>\n<div class=\"siteorigin-widget-tinymce textwidget\">\n\t<p><img loading=\"lazy\" decoding=\"async\" class=\"size-medium wp-image-3987\" src=\"http:\/\/marche-fermier.com\/wp-content\/uploads\/2024\/10\/photos-Gagnerie-Thomas-Lecomte-300x300.png\" alt=\"\" width=\"300\" height=\"300\" srcset=\"https:\/\/marche-fermier.com\/wp-content\/uploads\/2024\/10\/photos-Gagnerie-Thomas-Lecomte-300x300.png 300w, https:\/\/marche-fermier.com\/wp-content\/uploads\/2024\/10\/photos-Gagnerie-Thomas-Lecomte-1024x1024.png 1024w, https:\/\/marche-fermier.com\/wp-content\/uploads\/2024\/10\/photos-Gagnerie-Thomas-Lecomte-150x150.png 150w, https:\/\/marche-fermier.com\/wp-content\/uploads\/2024\/10\/photos-Gagnerie-Thomas-Lecomte-768x768.png 768w, https:\/\/marche-fermier.com\/wp-content\/uploads\/2024\/10\/photos-Gagnerie-Thomas-Lecomte-1536x1536.png 1536w, https:\/\/marche-fermier.com\/wp-content\/uploads\/2024\/10\/photos-Gagnerie-Thomas-Lecomte-2048x2048.png 2048w, https:\/\/marche-fermier.com\/wp-content\/uploads\/2024\/10\/photos-Gagnerie-Thomas-Lecomte-1140x1140.png 1140w, https:\/\/marche-fermier.com\/wp-content\/uploads\/2024\/10\/photos-Gagnerie-Thomas-Lecomte-75x75.png 75w\" sizes=\"(max-width: 300px) 100vw, 300px\" \/><\/p>\n<p>T\u00e9l. 06 59 52 67 12<\/p>\n<\/div>\n<\/div><\/div><\/div><\/div><div id=\"pgc-1680-0-1\"  class=\"panel-grid-cell\" ><div id=\"panel-1680-0-1-0\" class=\"so-panel widget widget_sow-image panel-first-child panel-last-child\" data-index=\"1\" ><div class=\"panel-widget-style panel-widget-style-for-1680-0-1-0\" ><div\n\t\t\t\n\t\t\tclass=\"so-widget-sow-image so-widget-sow-image-default-8b5b6f678277-1680\"\n\t\t\t\n\t\t>\n\n<div class=\"sow-image-container\">\n\t\t<img loading=\"lazy\" decoding=\"async\" src=\"https:\/\/marche-fermier.com\/wp-content\/uploads\/2017\/08\/Gaudin.png\" width=\"500\" height=\"390\" srcset=\"https:\/\/marche-fermier.com\/wp-content\/uploads\/2017\/08\/Gaudin.png 500w, https:\/\/marche-fermier.com\/wp-content\/uploads\/2017\/08\/Gaudin-300x234.png 300w\" sizes=\"(max-width: 500px) 100vw, 500px\" alt=\"Noyant\" \t\tclass=\"so-widget-image\"\/>\n\t<\/div>\n\n<\/div><\/div><\/div><\/div><\/div><div id=\"pg-1680-1\"  class=\"panel-grid panel-no-style\" ><div id=\"pgc-1680-1-0\"  class=\"panel-grid-cell panel-grid-cell-empty\" ><\/div><div id=\"pgc-1680-1-1\"  class=\"panel-grid-cell panel-grid-cell-mobile-last\" ><div id=\"panel-1680-1-1-0\" class=\"so-panel widget widget_sow-editor panel-first-child panel-last-child\" data-index=\"2\" ><div class=\"panel-widget-style panel-widget-style-for-1680-1-1-0\" ><div\n\t\t\t\n\t\t\tclass=\"so-widget-sow-editor so-widget-sow-editor-base\"\n\t\t\t\n\t\t>\n<div class=\"siteorigin-widget-tinymce textwidget\">\n\t<p>Install\u00e9 depuis 2019 \u00e0 Cornill\u00e9-les-Caves, j\u2019ai cr\u00e9\u00e9 un syst\u00e8me bas\u00e9 sur l\u2019autonomie et le respect du vivant.<br \/>\nJe produits une douzaine de cultures diff\u00e9rentes, certaines pour l\u2019alimentation humaine comme la lentille, le millet, les ol\u00e9agineux (tournesol, colza, cameline).<br \/>\nToutes les productions de la ferme sont certifi\u00e9es Agriculture Biologique, par conviction. J\u2019\u00e9l\u00e8ve un troupeau de brebis Bleu du Maine et des porcs de Longu\u00e9 (race d\u2019Anjou) n\u00e9s et \u00e9lev\u00e9s en plein air.<br \/>\nL\u2019\u00e9levage ovin permet de valoriser les prairies n\u00e9cessaires \u00e0 la rotation des cultures. Les porcs, eux, valorisent les c\u00e9r\u00e9ales fourrag\u00e8res et les tourteaux issus du pressage des huiles.<br \/>\nToute la viande est vendue en direct comme la majorit\u00e9 des productions de la ferme (vente \u00e0 la ferme, en AMAP, March\u00e9 Fermier\u2026).<br \/>\nAu March\u00e9 Fermier de St Sylvain, vous retrouverez les huiles de Colza, Tournesol et Cameline press\u00e9es \u00e0 froid par mes soins \u00e0 la ferme.<br \/>\nCe proc\u00e9d\u00e9 d\u2019extraction permet de pr\u00e9server le go\u00fbt originel des huiles ainsi que leurs qualit\u00e9s nutritionnelles.<\/p>\n<\/div>\n<\/div><\/div><\/div><\/div><div id=\"pgc-1680-1-2\"  class=\"panel-grid-cell panel-grid-cell-empty\" ><\/div><\/div><\/div>","protected":false},"excerpt":{"rendered":"<p>T\u00e9l. 06 59 52 67 12 Install\u00e9 depuis 2019 \u00e0 Cornill\u00e9-les-Caves, j\u2019ai cr\u00e9\u00e9 un syst\u00e8me bas\u00e9 sur l\u2019autonomie et le respect du vivant. Je produits une douzaine de cultures diff\u00e9rentes, certaines pour l\u2019alimentation humaine comme la lentille, le millet, les ol\u00e9agineux (tournesol, colza, cameline). Toutes les productions de la ferme sont certifi\u00e9es Agriculture Biologique, par conviction. J\u2019\u00e9l\u00e8ve un troupeau de brebis Bleu du Maine et des porcs de Longu\u00e9 (race d\u2019Anjou) n\u00e9s et \u00e9lev\u00e9s en plein air. L\u2019\u00e9levage ovin permet de valoriser les prairies n\u00e9cessaires \u00e0 la rotation des cultures. Les porcs, eux, valorisent les c\u00e9r\u00e9ales fourrag\u00e8res et les tourteaux issus du pressage des huiles. Toute la viande est vendue en direct comme la majorit\u00e9 des productions de la ferme (vente \u00e0 la ferme, en AMAP, March\u00e9 Fermier\u2026). Au March\u00e9 Fermier de St Sylvain, vous retrouverez les huiles de Colza, Tournesol et Cameline press\u00e9es \u00e0 froid par mes soins \u00e0 la ferme. Ce proc\u00e9d\u00e9 d\u2019extraction permet de pr\u00e9server le go\u00fbt originel des huiles ainsi que leurs qualit\u00e9s nutritionnelles.<\/p>\n","protected":false},"author":1,"featured_media":0,"parent":0,"menu_order":0,"comment_status":"closed","ping_status":"closed","template":"","meta":{"footnotes":""},"class_list":["post-1680","page","type-page","status-publish","hentry"],"_links":{"self":[{"href":"https:\/\/marche-fermier.com\/index.php\/wp-json\/wp\/v2\/pages\/1680"}],"collection":[{"href":"https:\/\/marche-fermier.com\/index.php\/wp-json\/wp\/v2\/pages"}],"about":[{"href":"https:\/\/marche-fermier.com\/index.php\/wp-json\/wp\/v2\/types\/page"}],"author":[{"embeddable":true,"href":"https:\/\/marche-fermier.com\/index.php\/wp-json\/wp\/v2\/users\/1"}],"replies":[{"embeddable":true,"href":"https:\/\/marche-fermier.com\/index.php\/wp-json\/wp\/v2\/comments?post=1680"}],"version-history":[{"count":29,"href":"https:\/\/marche-fermier.com\/index.php\/wp-json\/wp\/v2\/pages\/1680\/revisions"}],"predecessor-version":[{"id":4070,"href":"https:\/\/marche-fermier.com\/index.php\/wp-json\/wp\/v2\/pages\/1680\/revisions\/4070"}],"wp:attachment":[{"href":"https:\/\/marche-fermier.com\/index.php\/wp-json\/wp\/v2\/media?parent=1680"}],"curies":[{"name":"wp","href":"https:\/\/api.w.org\/{rel}","templated":true}]}}

<div id="pl-1680"  class="panel-layout" ><div id="pg-1680-0"  class="panel-grid panel-no-style" ><div id="pgc-1680-0-0"  class="panel-grid-cell" ><div id="panel-1680-0-0-0" class="so-panel widget widget_sow-editor panel-first-child panel-last-child" data-index="0" ><div class="panel-widget-style panel-widget-style-for-1680-0-0-0" ><div
			
			class="so-widget-sow-editor so-widget-sow-editor-base"
			
		>
<div class="siteorigin-widget-tinymce textwidget">
	<p><img loading="lazy" decoding="async" class="size-medium wp-image-3987" src="http://marche-fermier.com/wp-content/uploads/2024/10/photos-Gagnerie-Thomas-Lecomte-300x300.png" alt="" width="300" height="300" srcset="https://marche-fermier.com/wp-content/uploads/2024/10/photos-Gagnerie-Thomas-Lecomte-300x300.png 300w, https://marche-fermier.com/wp-content/uploads/2024/10/photos-Gagnerie-Thomas-Lecomte-1024x1024.png 1024w, https://marche-fermier.com/wp-content/uploads/2024/10/photos-Gagnerie-Thomas-Lecomte-150x150.png 150w, https://marche-fermier.com/wp-content/uploads/2024/10/photos-Gagnerie-Thomas-Lecomte-768x768.png 768w, https://marche-fermier.com/wp-content/uploads/2024/10/photos-Gagnerie-Thomas-Lecomte-1536x1536.png 1536w, https://marche-fermier.com/wp-content/uploads/2024/10/photos-Gagnerie-Thomas-Lecomte-2048x2048.png 2048w, https://marche-fermier.com/wp-content/uploads/2024/10/photos-Gagnerie-Thomas-Lecomte-1140x1140.png 1140w, https://marche-fermier.com/wp-content/uploads/2024/10/photos-Gagnerie-Thomas-Lecomte-75x75.png 75w" sizes="(max-width: 300px) 100vw, 300px" /></p>
<p>Tél. 06 59 52 67 12</p>
</div>
</div></div></div></div><div id="pgc-1680-0-1"  class="panel-grid-cell" ><div id="panel-1680-0-1-0" class="so-panel widget widget_sow-image panel-first-child panel-last-child" data-index="1" ><div class="panel-widget-style panel-widget-style-for-1680-0-1-0" ><div
			
			class="so-widget-sow-image so-widget-sow-image-default-8b5b6f678277-1680"
			
		>

<div class="sow-image-container">
		<img loading="lazy" decoding="async" src="https://marche-fermier.com/wp-content/uploads/2017/08/Gaudin.png" width="500" height="390" srcset="https://marche-fermier.com/wp-content/uploads/2017/08/Gaudin.png 500w, https://marche-fermier.com/wp-content/uploads/2017/08/Gaudin-300x234.png 300w" sizes="(max-width: 500px) 100vw, 500px" alt="Noyant" 		class="so-widget-image"/>
	</div>

</div></div></div></div></div><div id="pg-1680-1"  class="panel-grid panel-no-style" ><div id="pgc-1680-1-0"  class="panel-grid-cell panel-grid-cell-empty" ></div><div id="pgc-1680-1-1"  class="panel-grid-cell panel-grid-cell-mobile-last" ><div id="panel-1680-1-1-0" class="so-panel widget widget_sow-editor panel-first-child panel-last-child" data-index="2" ><div class="panel-widget-style panel-widget-style-for-1680-1-1-0" ><div
			
			class="so-widget-sow-editor so-widget-sow-editor-base"
			
		>
<div class="siteorigin-widget-tinymce textwidget">
	<p>Installé depuis 2019 à Cornillé-les-Caves, j’ai créé un système basé sur l’autonomie et le respect du vivant.<br />
Je produits une douzaine de cultures différentes, certaines pour l’alimentation humaine comme la lentille, le millet, les oléagineux (tournesol, colza, cameline).<br />
Toutes les productions de la ferme sont certifiées Agriculture Biologique, par conviction. J’élève un troupeau de brebis Bleu du Maine et des porcs de Longué (race d’Anjou) nés et élevés en plein air.<br />
L’élevage ovin permet de valoriser les prairies nécessaires à la rotation des cultures. Les porcs, eux, valorisent les céréales fourragères et les tourteaux issus du pressage des huiles.<br />
Toute la viande est vendue en direct comme la majorité des productions de la ferme (vente à la ferme, en AMAP, Marché Fermier…).<br />
Au Marché Fermier de St Sylvain, vous retrouverez les huiles de Colza, Tournesol et Cameline pressées à froid par mes soins à la ferme.<br />
Ce procédé d’extraction permet de préserver le goût originel des huiles ainsi que leurs qualités nutritionnelles.</p>
</div>
</div></div></div></div><div id="pgc-1680-1-2"  class="panel-grid-cell panel-grid-cell-empty" ></div></div></div>

<p>Tél. 06 59 52 67 12 Installé depuis 2019 à Cornillé-les-Caves, j’ai créé un système basé sur l’autonomie et le respect du vivant. Je produits une douzaine de cultures différentes, certaines pour l’alimentation humaine comme la lentille, le millet, les oléagineux (tournesol, colza, cameline). Toutes les productions de la ferme sont certifiées Agriculture Biologique, par conviction. J’élève un troupeau de brebis Bleu du Maine et des porcs de Longué (race d’Anjou) nés et élevés en plein air. L’élevage ovin permet de valoriser les prairies nécessaires à la rotation des cultures. Les porcs, eux, valorisent les céréales fourragères et les tourteaux issus du pressage des huiles. Toute la viande est vendue en direct comme la majorité des productions de la ferme (vente à la ferme, en AMAP, Marché Fermier…). Au Marché Fermier de St Sylvain, vous retrouverez les huiles de Colza, Tournesol et Cameline pressées à froid par mes soins à la ferme. Ce procédé d’extraction permet de préserver le goût originel des huiles ainsi que leurs qualités nutritionnelles.</p>
