{"id":1691,"date":"2017-07-26T16:24:21","date_gmt":"2017-07-26T14:24:21","guid":{"rendered":"http:\/\/marche-fermier.com\/?page_id=1691"},"modified":"2025-10-03T17:53:23","modified_gmt":"2025-10-03T15:53:23","slug":"paul-gautreau","status":"publish","type":"page","link":"https:\/\/marche-fermier.com\/index.php\/paul-gautreau\/","title":{"rendered":"Paul GAUTREAU"},"content":{"rendered":"<div id=\"pl-1691\"  class=\"panel-layout\" ><div id=\"pg-1691-0\"  class=\"panel-grid panel-no-style\" ><div id=\"pgc-1691-0-0\"  class=\"panel-grid-cell\" ><div id=\"panel-1691-0-0-0\" class=\"so-panel widget widget_sow-editor panel-first-child panel-last-child\" data-index=\"0\" ><div class=\"panel-widget-style panel-widget-style-for-1691-0-0-0\" ><div\n\t\t\t\n\t\t\tclass=\"so-widget-sow-editor so-widget-sow-editor-base\"\n\t\t\t\n\t\t>\n<div class=\"siteorigin-widget-tinymce textwidget\">\n\t<p><img loading=\"lazy\" decoding=\"async\" class=\"size-medium wp-image-1318 aligncenter\" src=\"http:\/\/marche-fermier.com\/wp-content\/uploads\/2017\/07\/Gautreau-300x223.jpg\" alt=\"\" width=\"300\" height=\"223\" srcset=\"https:\/\/marche-fermier.com\/wp-content\/uploads\/2017\/07\/Gautreau-300x223.jpg 300w, https:\/\/marche-fermier.com\/wp-content\/uploads\/2017\/07\/Gautreau.jpg 500w\" sizes=\"(max-width: 300px) 100vw, 300px\" \/><\/p>\n<p style=\"text-align: center;\"><span style=\"font-size: 14pt;\">T\u00e9l. 07 81 46 31 82<\/span><\/p>\n<p style=\"text-align: center;\"><a href=\"http:\/\/www.paulgautreau.fr\/\" target=\"_blank\" rel=\"noopener\"><span style=\"font-size: 14pt;\">http:\/\/www.paulgautreau.fr\/<\/span><\/a><\/p>\n<\/div>\n<\/div><\/div><\/div><\/div><div id=\"pgc-1691-0-1\"  class=\"panel-grid-cell\" ><div id=\"panel-1691-0-1-0\" class=\"so-panel widget widget_sow-image panel-first-child panel-last-child\" data-index=\"1\" ><div class=\"panel-widget-style panel-widget-style-for-1691-0-1-0\" ><div\n\t\t\t\n\t\t\tclass=\"so-widget-sow-image so-widget-sow-image-default-8b5b6f678277-1691\"\n\t\t\t\n\t\t>\n\n<div class=\"sow-image-container\">\n\t\t<img loading=\"lazy\" decoding=\"async\" src=\"https:\/\/marche-fermier.com\/wp-content\/uploads\/2017\/08\/Gautreau.png\" width=\"539\" height=\"425\" srcset=\"https:\/\/marche-fermier.com\/wp-content\/uploads\/2017\/08\/Gautreau.png 539w, https:\/\/marche-fermier.com\/wp-content\/uploads\/2017\/08\/Gautreau-300x237.png 300w\" sizes=\"(max-width: 539px) 100vw, 539px\" alt=\"Noyant\" \t\tclass=\"so-widget-image\"\/>\n\t<\/div>\n\n<\/div><\/div><\/div><\/div><\/div><div id=\"pg-1691-1\"  class=\"panel-grid panel-no-style\" ><div id=\"pgc-1691-1-0\"  class=\"panel-grid-cell panel-grid-cell-empty\" ><\/div><div id=\"pgc-1691-1-1\"  class=\"panel-grid-cell panel-grid-cell-mobile-last\" ><div id=\"panel-1691-1-1-0\" class=\"so-panel widget widget_sow-editor panel-first-child panel-last-child\" data-index=\"2\" ><div class=\"panel-widget-style panel-widget-style-for-1691-1-1-0\" ><div\n\t\t\t\n\t\t\tclass=\"so-widget-sow-editor so-widget-sow-editor-base\"\n\t\t\t\n\t\t>\n<div class=\"siteorigin-widget-tinymce textwidget\">\n\t<p><span style=\"color: #993300; font-size: 18pt;\">La plus grosse partie de mes 2500 noyers est constitu\u00e9e par mon verger de Juvardeil \u00e0 20km au nord d\u2019Angers. \u00c2g\u00e9e de 47 \u00e0 50 ans, cette noyeraie a \u00e9t\u00e9 abandonn\u00e9e pendant 7 ans avant que je ne m\u2019installe. Une fois d\u00e9frich\u00e9e, j\u2019ai commenc\u00e9 son exploitation en 2009 en production biologique. Elle est constitu\u00e9e \u00e0 95% de \u201cFranquette\u201d, vari\u00e9t\u00e9 reconnue pour sa douceur et son fruit\u00e9. Je vends la totalit\u00e9 de ma production au d\u00e9tail, en biocoop, magasins bio, magasins de producteurs, amap, march\u00e9s de No\u00ebl... La r\u00e9colte, tout le mois d\u2019octobre, constitue la grosse partie du travail avec l\u2019embauche de 5 \u00e0 6 saisonniers locaux. Je consacre le reste de l\u2019ann\u00e9e \u00e0 l\u2019entretien du verger, la vente, et la fabrication de ma gamme de produits d\u00e9riv\u00e9s, huile, vin de noix, cerneaux, farine et friandises sucr\u00e9es et sal\u00e9es. J\u2019ai lanc\u00e9 \u00e9galement sur 1,5 ha la production de noisettes que vous pourrez vous procurer dans mes points de vente habituels.<\/span><\/p>\n<\/div>\n<\/div><\/div><\/div><\/div><div id=\"pgc-1691-1-2\"  class=\"panel-grid-cell panel-grid-cell-empty\" ><\/div><\/div><\/div>","protected":false},"excerpt":{"rendered":"<p>T\u00e9l. 07 81 46 31 82 http:\/\/www.paulgautreau.fr\/ La plus grosse partie de mes 2500 noyers est constitu\u00e9e par mon verger de Juvardeil \u00e0 20km au nord d\u2019Angers. \u00c2g\u00e9e de 47 \u00e0 50 ans, cette noyeraie a \u00e9t\u00e9 abandonn\u00e9e pendant 7 ans avant que je ne m\u2019installe. Une fois d\u00e9frich\u00e9e, j\u2019ai commenc\u00e9 son exploitation en 2009 en production biologique. Elle est constitu\u00e9e \u00e0 95% de \u201cFranquette\u201d, vari\u00e9t\u00e9 reconnue pour sa douceur et son fruit\u00e9. Je vends la totalit\u00e9 de ma production au d\u00e9tail, en biocoop, magasins bio, magasins de producteurs, amap, march\u00e9s de No\u00ebl&#8230; La r\u00e9colte, tout le mois d\u2019octobre, constitue la grosse partie du travail avec l\u2019embauche de 5 \u00e0 6 saisonniers locaux. Je consacre le reste de l\u2019ann\u00e9e \u00e0 l\u2019entretien du verger, la vente, et la fabrication de ma gamme de produits d\u00e9riv\u00e9s, huile, vin de noix, cerneaux, farine et friandises sucr\u00e9es et sal\u00e9es. J\u2019ai lanc\u00e9 \u00e9galement sur 1,5 ha la production de noisettes que vous pourrez vous procurer dans mes points de vente habituels.<\/p>\n","protected":false},"author":1,"featured_media":0,"parent":0,"menu_order":0,"comment_status":"closed","ping_status":"closed","template":"","meta":{"footnotes":""},"class_list":["post-1691","page","type-page","status-publish","hentry"],"_links":{"self":[{"href":"https:\/\/marche-fermier.com\/index.php\/wp-json\/wp\/v2\/pages\/1691"}],"collection":[{"href":"https:\/\/marche-fermier.com\/index.php\/wp-json\/wp\/v2\/pages"}],"about":[{"href":"https:\/\/marche-fermier.com\/index.php\/wp-json\/wp\/v2\/types\/page"}],"author":[{"embeddable":true,"href":"https:\/\/marche-fermier.com\/index.php\/wp-json\/wp\/v2\/users\/1"}],"replies":[{"embeddable":true,"href":"https:\/\/marche-fermier.com\/index.php\/wp-json\/wp\/v2\/comments?post=1691"}],"version-history":[{"count":15,"href":"https:\/\/marche-fermier.com\/index.php\/wp-json\/wp\/v2\/pages\/1691\/revisions"}],"predecessor-version":[{"id":4065,"href":"https:\/\/marche-fermier.com\/index.php\/wp-json\/wp\/v2\/pages\/1691\/revisions\/4065"}],"wp:attachment":[{"href":"https:\/\/marche-fermier.com\/index.php\/wp-json\/wp\/v2\/media?parent=1691"}],"curies":[{"name":"wp","href":"https:\/\/api.w.org\/{rel}","templated":true}]}}

<div id="pl-1691"  class="panel-layout" ><div id="pg-1691-0"  class="panel-grid panel-no-style" ><div id="pgc-1691-0-0"  class="panel-grid-cell" ><div id="panel-1691-0-0-0" class="so-panel widget widget_sow-editor panel-first-child panel-last-child" data-index="0" ><div class="panel-widget-style panel-widget-style-for-1691-0-0-0" ><div
			
			class="so-widget-sow-editor so-widget-sow-editor-base"
			
		>
<div class="siteorigin-widget-tinymce textwidget">
	<p><img loading="lazy" decoding="async" class="size-medium wp-image-1318 aligncenter" src="http://marche-fermier.com/wp-content/uploads/2017/07/Gautreau-300x223.jpg" alt="" width="300" height="223" srcset="https://marche-fermier.com/wp-content/uploads/2017/07/Gautreau-300x223.jpg 300w, https://marche-fermier.com/wp-content/uploads/2017/07/Gautreau.jpg 500w" sizes="(max-width: 300px) 100vw, 300px" /></p>
<p style="text-align: center;"><span style="font-size: 14pt;">Tél. 07 81 46 31 82</span></p>
<p style="text-align: center;"><a href="http://www.paulgautreau.fr/" target="_blank" rel="noopener"><span style="font-size: 14pt;">http://www.paulgautreau.fr/</span></a></p>
</div>
</div></div></div></div><div id="pgc-1691-0-1"  class="panel-grid-cell" ><div id="panel-1691-0-1-0" class="so-panel widget widget_sow-image panel-first-child panel-last-child" data-index="1" ><div class="panel-widget-style panel-widget-style-for-1691-0-1-0" ><div
			
			class="so-widget-sow-image so-widget-sow-image-default-8b5b6f678277-1691"
			
		>

<div class="sow-image-container">
		<img loading="lazy" decoding="async" src="https://marche-fermier.com/wp-content/uploads/2017/08/Gautreau.png" width="539" height="425" srcset="https://marche-fermier.com/wp-content/uploads/2017/08/Gautreau.png 539w, https://marche-fermier.com/wp-content/uploads/2017/08/Gautreau-300x237.png 300w" sizes="(max-width: 539px) 100vw, 539px" alt="Noyant" 		class="so-widget-image"/>
	</div>

</div></div></div></div></div><div id="pg-1691-1"  class="panel-grid panel-no-style" ><div id="pgc-1691-1-0"  class="panel-grid-cell panel-grid-cell-empty" ></div><div id="pgc-1691-1-1"  class="panel-grid-cell panel-grid-cell-mobile-last" ><div id="panel-1691-1-1-0" class="so-panel widget widget_sow-editor panel-first-child panel-last-child" data-index="2" ><div class="panel-widget-style panel-widget-style-for-1691-1-1-0" ><div
			
			class="so-widget-sow-editor so-widget-sow-editor-base"
			
		>
<div class="siteorigin-widget-tinymce textwidget">
	<p><span style="color: #993300; font-size: 18pt;">La plus grosse partie de mes 2500 noyers est constituée par mon verger de Juvardeil à 20km au nord d’Angers. Âgée de 47 à 50 ans, cette noyeraie a été abandonnée pendant 7 ans avant que je ne m’installe. Une fois défrichée, j’ai commencé son exploitation en 2009 en production biologique. Elle est constituée à 95% de “Franquette”, variété reconnue pour sa douceur et son fruité. Je vends la totalité de ma production au détail, en biocoop, magasins bio, magasins de producteurs, amap, marchés de Noël... La récolte, tout le mois d’octobre, constitue la grosse partie du travail avec l’embauche de 5 à 6 saisonniers locaux. Je consacre le reste de l’année à l’entretien du verger, la vente, et la fabrication de ma gamme de produits dérivés, huile, vin de noix, cerneaux, farine et friandises sucrées et salées. J’ai lancé également sur 1,5 ha la production de noisettes que vous pourrez vous procurer dans mes points de vente habituels.</span></p>
</div>
</div></div></div></div><div id="pgc-1691-1-2"  class="panel-grid-cell panel-grid-cell-empty" ></div></div></div>

<p>Tél. 07 81 46 31 82 http://www.paulgautreau.fr/ La plus grosse partie de mes 2500 noyers est constituée par mon verger de Juvardeil à 20km au nord d’Angers. Âgée de 47 à 50 ans, cette noyeraie a été abandonnée pendant 7 ans avant que je ne m’installe. Une fois défrichée, j’ai commencé son exploitation en 2009 en production biologique. Elle est constituée à 95% de “Franquette”, variété reconnue pour sa douceur et son fruité. Je vends la totalité de ma production au détail, en biocoop, magasins bio, magasins de producteurs, amap, marchés de Noël&#8230; La récolte, tout le mois d’octobre, constitue la grosse partie du travail avec l’embauche de 5 à 6 saisonniers locaux. Je consacre le reste de l’année à l’entretien du verger, la vente, et la fabrication de ma gamme de produits dérivés, huile, vin de noix, cerneaux, farine et friandises sucrées et salées. J’ai lancé également sur 1,5 ha la production de noisettes que vous pourrez vous procurer dans mes points de vente habituels.</p>
