{"id":3711,"date":"2023-02-16T14:54:56","date_gmt":"2023-02-16T13:54:56","guid":{"rendered":"https:\/\/marche-fermier.com\/?page_id=3711"},"modified":"2025-10-03T10:52:39","modified_gmt":"2025-10-03T08:52:39","slug":"actualites","status":"publish","type":"page","link":"https:\/\/marche-fermier.com\/index.php\/actualites\/","title":{"rendered":"Actualit\u00e9s"},"content":{"rendered":"\n<p data-start=\"172\" data-end=\"382\">Chers clients,<br data-start=\"186\" data-end=\"189\" \/>Pour ne rien manquer des nouveaut\u00e9s, des arrivages de produits frais, des promotions sp\u00e9ciales et de nos \u00e9v\u00e9nements, rejoignez-nous d\u00e8s maintenant sur notre page Facebook \ud83d\udc49 <a href=\"https:\/\/www.facebook.com\/MarcheFermierdeStSylvain\">March\u00e9 Fermier<\/a>.<\/p>\n<p data-start=\"384\" data-end=\"554\">\ud83d\udccc Au programme :<br data-start=\"401\" data-end=\"404\" \/>\u2714\ufe0f Des infos sur les producteurs locaux<br data-start=\"443\" data-end=\"446\" \/>\u2714\ufe0f Les dates de nos march\u00e9s et animations<br data-start=\"487\" data-end=\"490\" \/>\u2714\ufe0f Des recettes et id\u00e9es gourmandes<br data-start=\"525\" data-end=\"528\" \/>\u2714\ufe0f Et bien plus encore !<\/p>\n<p data-start=\"556\" data-end=\"665\">\ud83d\udc4d <a href=\"https:\/\/www.facebook.com\/MarcheFermierdeStSylvain\">Abonnez-vous et partagez la page avec vos proches pour faire vivre ensemble l\u2019esprit du March\u00e9 Fermier !<\/a><\/p>\n","protected":false},"excerpt":{"rendered":"<p>Chers clients,Pour ne rien manquer des nouveaut\u00e9s, des arrivages de produits frais, des promotions sp\u00e9ciales et de nos \u00e9v\u00e9nements, rejoignez-nous d\u00e8s maintenant sur notre page Facebook \ud83d\udc49 March\u00e9 Fermier. \ud83d\udccc Au programme :\u2714\ufe0f Des infos sur les producteurs locaux\u2714\ufe0f Les dates de nos march\u00e9s et animations\u2714\ufe0f Des recettes et id\u00e9es gourmandes\u2714\ufe0f Et bien plus encore ! \ud83d\udc4d Abonnez-vous et partagez la page avec vos proches pour faire vivre ensemble l\u2019esprit du March\u00e9 Fermier !<\/p>\n","protected":false},"author":1,"featured_media":0,"parent":0,"menu_order":0,"comment_status":"closed","ping_status":"closed","template":"","meta":{"footnotes":""},"class_list":["post-3711","page","type-page","status-publish","hentry"],"_links":{"self":[{"href":"https:\/\/marche-fermier.com\/index.php\/wp-json\/wp\/v2\/pages\/3711"}],"collection":[{"href":"https:\/\/marche-fermier.com\/index.php\/wp-json\/wp\/v2\/pages"}],"about":[{"href":"https:\/\/marche-fermier.com\/index.php\/wp-json\/wp\/v2\/types\/page"}],"author":[{"embeddable":true,"href":"https:\/\/marche-fermier.com\/index.php\/wp-json\/wp\/v2\/users\/1"}],"replies":[{"embeddable":true,"href":"https:\/\/marche-fermier.com\/index.php\/wp-json\/wp\/v2\/comments?post=3711"}],"version-history":[{"count":61,"href":"https:\/\/marche-fermier.com\/index.php\/wp-json\/wp\/v2\/pages\/3711\/revisions"}],"predecessor-version":[{"id":4013,"href":"https:\/\/marche-fermier.com\/index.php\/wp-json\/wp\/v2\/pages\/3711\/revisions\/4013"}],"wp:attachment":[{"href":"https:\/\/marche-fermier.com\/index.php\/wp-json\/wp\/v2\/media?parent=3711"}],"curies":[{"name":"wp","href":"https:\/\/api.w.org\/{rel}","templated":true}]}}